{"id":205,"date":"2013-02-11T18:37:54","date_gmt":"2013-02-11T17:37:54","guid":{"rendered":"http:\/\/ballon.hu\/?page_id=205"},"modified":"2013-02-11T18:37:54","modified_gmt":"2013-02-11T17:37:54","slug":"ballonozas-kozelmultja-magyarorszagon","status":"publish","type":"page","link":"https:\/\/ballon.hu\/?page_id=205","title":{"rendered":"Ballonoz\u00e1s k\u00f6zelm\u00faltja Magyarorsz\u00e1gon"},"content":{"rendered":"<div class=\"91eb22c871f95e36a57e63c989c4ed82\" data-index=\"1\" style=\"float: none; margin:10px 0 10px 0; text-align:center;\">\n<script type=\"text\/javascript\"><!--\r\ngoogle_ad_client = \"ca-pub-2865779868887008\";\r\n\/* Android box *\/\r\ngoogle_ad_slot = \"1345074415\";\r\ngoogle_ad_width = 336;\r\ngoogle_ad_height = 280;\r\n\/\/-->\r\n<\/script>\r\n<script type=\"text\/javascript\"\r\nsrc=\"http:\/\/pagead2.googlesyndication.com\/pagead\/show_ads.js\">\r\n<\/script>\n<\/div>\n<p align=\"justify\">A technikai \u00e9s technol\u00f3giai fejl\u0151d\u00e9se lehet\u0151v\u00e9 tette a leveg\u0151n\u00e9l k\u00f6nnyebb l\u00e9gij\u00e1rm\u0171vek renesz\u00e1nsz\u00e1t. A k\u00f6nny\u0171 tart\u00f3s \u00e9s kis l\u00e9g\u00e1tereszt\u00e9s\u0171 anyagok, a kiv\u00e1l\u00f3 gy\u00e1rt\u00e1si technol\u00f3gia, valamint a k\u00f6nnyen hozz\u00e1f\u00e9rhet\u0151 f\u0171t\u0151anyag a prop\u00e1n-but\u00e1n g\u00e1z \u00e9s nem utols\u00f3 sorban a rep\u00fcl\u00e9s szerelmeseinek, megsz\u00e1llottainak kitart\u00f3 munk\u00e1ja a h\u0151l\u00e9gballonok \u00fajkori elterjed\u00e9s\u00e9t eredm\u00e9nyezte. Az \u00fajkori h\u0151l\u00e9gballon rep\u00fcl\u00e9sek 1934-ben kezd\u0151dtek Ausztri\u00e1ban, Rudolf Brunner feltal\u00e1l\u00f3 1450 m3 ballonj\u00e1val. Az Egyes\u00fclt \u00c1llamokban 1960. okt\u00f3ber\u00e9ben\u00a0<em>Ed Yost<\/em>\u00a0hajtott v\u00e9gre h\u0151l\u00e9gballon rep\u00fcl\u00e9st, m\u00e1r PB g\u00e1z alkalmaz\u00e1s\u00e1val. 1961-ben az Egyes\u00fclt \u00c1llamok haditenger\u00e9szet\u00e9nek egy jelent\u00e9ktelen szerz\u0151d\u00e9se eredm\u00e9nyek\u00e9ppen a melegleveg\u0151s ballon \u00fajj\u00e1 sz\u00fcletett.N\u00e9h\u00e1ny \u00e9ven bel\u00fcl t\u00f6bb \u00faj t\u00edpus jelent meg az USA-ban \u00e9s Angli\u00e1ban. Az 1970-es \u00e9vek elej\u00e9n m\u00e1r sport c\u00e9lokra haszn\u00e1lt\u00e1k a h\u0151l\u00e9gballonokat.<\/p>\n<p align=\"justify\">Haz\u00e1nkban\u00a0<a href=\"http:\/\/ballon.hu\/?page_id=197\">1977-ben \u00e9p\u00edtettek h\u0151l\u00e9gballont<\/a>, k\u00fcl\u00f6nb\u00f6z\u0151 k\u00eds\u00e9rletek el\u0151zt\u00e9k meg. Az els\u0151 hazai h\u0151l\u00e9gballon meg\u00e9p\u00edt\u00e9s\u00e9t k\u00f6vet\u0151en a\u00a0<a href=\"http:\/\/ballon.hu\/?page_id=201\">hazai gy\u00e1rt\u00e1s<\/a>\u00a0korszer\u0171s\u00edtett\u00e9k. Az els\u0151 ballonok az MHSZ Sz\u00e9kesfeh\u00e9rv\u00e1ri Ejt\u0151erny\u0151jav\u00edt\u00f3 M\u0171hely\u00e9b\u0151l ker\u00fcltek ki. R\u00f6videsen meg\u00e9p\u00edt\u00e9sre ker\u00fclt az els\u0151 magyar\u00a0<a href=\"http:\/\/ballon.hu\/?page_id=171\"><strong>h\u0151l\u00e9ghaj\u00f3<\/strong><\/a>\u00a0is b\u00e1r egyenl\u0151re gondola \u00e9s motor n\u00e9lk\u00fcl, amely 1981. j\u00fanius\u00e1ban sz\u00e1llt fel el\u0151sz\u00f6r. A meg\u00e9p\u00edt\u00e9s\u00e9ben kiemelked\u0151 \u00e9rdemeket szerzett\u00a0<em>Notheisz Antal, Somogyv\u00e1ri Imre<\/em>\u00a0\u00e9s\u00a0<em>Egerv\u00e1ri J\u00f3zsef.<\/em>\u00a0Ezt k\u00f6vet\u0151en a P\u00e9csi B\u00e1ny\u00e1szati Aknam\u00e9ly\u00edt\u0151 V\u00e1llalat Textil\u00fczeme\u00a0<em>Notheisz Antal<\/em>\u00a0vezet\u00e9s\u00e9vel m\u00e1r \u00fczemszer\u0171en \u00e1ll\u00edtott el\u0151 h\u0151l\u00e9gballonokat, amik m\u00e1r nem csak a hazai ig\u00e9nyeket el\u00e9g\u00edtett\u00e9k ki, hanem exportra is k\u00e9sz\u00fcltek. \u00c9rdekess\u00e9g, hogy a hazai h\u0151l\u00e9gballon sport megteremt\u00e9s\u00e9ben nagy seg\u00edts\u00e9get ny\u00fajt\u00f3 lengyel ballonosok is P\u00e9csr\u0151l v\u00e1s\u00e1rolt\u00e1k ballonjaik t\u00falnyom\u00f3 t\u00f6bbs\u00e9g\u00e9t, annak idej\u00e9n&#8230;<br \/>\nA sport\u00e1g hazai elterjed\u00e9s\u00e9ben nagy el\u0151re l\u00e9p\u00e9s volt, hogy 1978-ban az akkori rep\u00fcl\u0151 sport\u00e1gakat m\u0171k\u00f6dtet\u0151 MHSZ. felvette a sport\u00e1gai k\u00f6z\u00e9 a h\u0151l\u00e9gballon sportot. Megalakultak a\u00a0<a href=\"http:\/\/ballon.hu\/ballonos\/ballklub.htm\">h\u0151l\u00e9gballon klubok<\/a>, szakoszt\u00e1lyok. A k\u00fclf\u00f6ldi tapasztalatok alapj\u00e1n kidolgoz\u00e1sra \u00e9s kiad\u00e1sra ker\u00fcltek a h\u0151l\u00e9gballon sport szab\u00e1lyai. Rep\u00fcl\u00e9seinket igyekezt\u00fcnk a sport versenyek c\u00e9ljainak szolg\u00e1lat\u00e1ba \u00e1ll\u00edtani.<br \/>\nH\u0151l\u00e9gballon rep\u00fcl\u00e9sben az els\u0151 nemzetk\u00f6zi jelleg\u0171 h\u0151l\u00e9gballon tal\u00e1lkoz\u00f3t 1978. 09. 29-\u00e9n Tisza\u00fajv\u00e1rosban rendezt\u00e9k meg a lengyelek r\u00e9szv\u00e9tel\u00e9vel. Az els\u0151 orsz\u00e1gos bajnoks\u00e1got 1980. 10. 26. &#8211; 11. 02. k\u00f6z\u00f6tt Kiskunf\u00e9legyh\u00e1z\u00e1n rendezt\u00e9k.<br \/>\nAz els\u0151 Vil\u00e1gbajnoks\u00e1got 1973-ban az Egyes\u00fclt \u00c1llamok \u00daj Mexik\u00f3 \u00e1llam\u00e1ban, Albuquerque-ben, az els\u0151 Eur\u00f3pa Bajnoks\u00e1got a sv\u00e9dorsz\u00e1gi Uppsala-ban, 1976-ban rendezt\u00e9k meg. A ballonrep\u00fcl\u00e9s a hazai sportrep\u00fcl\u00e9s legfiatalabb, de az egyik legeredm\u00e9nyesebb sport\u00e1ga volt. Az eltelt r\u00f6vid id\u0151 alatt ballonos sportol\u00f3ink sz\u00e1mos rangos k\u00fclf\u00f6ldi versenyen \u00e9rtek el kiemelked\u0151\u00a0<a href=\"http:\/\/ballon.hu\/?page_id=64\">eredm\u00e9ny<\/a>t.<\/p>\n<p align=\"justify\">T\u00f6bb mint\u00a0<a href=\"http:\/\/ballon.hu\/ballonos\/ballklub.htm\">40 ballonklubban<\/a>\u00a0\u00e9s szakoszt\u00e1lyban foglalkoztak h\u0151l\u00e9gballon rep\u00fcl\u00e9ssel. \u00dczemk\u00e9pes\u00a0<a href=\"http:\/\/ballon.hu\/?page_id=201\">ballonjaink<\/a>\u00a0sz\u00e1ma el\u00e9rte a sz\u00e1z darabot A h\u0151l\u00e9gballon sport hazai elterjed\u00e9se \u00f3ta t\u00f6bb mint 150 ballon kapott magyar lajstromjelet, \u00e9s t\u00f6bb mint 270 f\u0151 szerzett szakszolg\u00e1lati enged\u00e9lyt, azaz\u00a0<a href=\"http:\/\/ballon.hu\/ballonos\/pilotak.htm\">ballonpil\u00f3ta<\/a>\u00a0lett. Nemzetk\u00f6zileg is elismerik \u00e9s megbecs\u00fclik a\u00a0<a href=\"http:\/\/ballon.hu\/ballonos\/versbiro.htm\">versenyb\u00edr\u00f3<\/a>inkat \u00e9s\u00a0<a href=\"http:\/\/ballon.hu\/ballonos\/obszerve.htm\">megfigyel\u0151<\/a>inket.<\/p>\n<p align=\"justify\">A legut\u00f3bbi \u00e9vekben sajnos, a t\u00f6bbi rep\u00fcl\u0151s sporthoz hasonl\u00f3an, v\u00e1ls\u00e1gba ker\u00fclt a hazai ballonsport is. Az MRSZ anyagi helyzete mellett a sport\u00e1gon bel\u00fcli sz\u00e9th\u00faz\u00e1s, a rep\u00fcl\u00e9s k\u00f6lts\u00e9geinek az emelked\u00e9se \u00e9s az \u00f6n\u00f6s anyagi \u00e9rdekek okoznak fesz\u00fclts\u00e9geket. Igaz megrendez\u00e9sre ker\u00fclt t\u00f6bb a Nemzetk\u00f6zi Rep\u00fcl\u0151 Sz\u00f6vets\u00e9g \u00e1ltal a legmagasabb kateg\u00f3ri\u00e1ba sorolt\u00a0<a href=\"http:\/\/ballon.hu\/?page_id=61\">verseny<\/a>\u00a0az ut\u00f3bbi \u00e9vekben \u00e9s n\u00e1lunk lesz a 2005-\u00f6s Eur\u00f3pa Bajnoks\u00e1g is, de t\u00f6bb kiemelked\u0151 szponzor\u00a0<a href=\"http:\/\/ballon.hu\/dokument\/VMAX2003_kozlemeny.pdf\">visszal\u00e9pett a t\u00e1mogat\u00e1sunkt\u00f3l<\/a>. Elmulasztottuk a ballonrep\u00fcl\u00e9s jeles d\u00e1tumait. Nem \u00fcnnepelt\u00fck meg<br \/>\n2002. m\u00e1jus 1-\u00e9n a Magyar A\u00ebro-Club alap\u00edt\u00e1s\u00e1nak \u00e9s a &#8222;Turul&#8221; els\u0151 rep\u00fcl\u00e9s\u00e9nek a 100.\u00e9vfordul\u00f3j\u00e1t,<br \/>\n2002. okt\u00f3ber 14-\u00e9n a &#8222;Pann\u00f3nia 76&#8221; els\u0151 felsz\u00e1ll\u00e1snak 25. \u00e9vfordul\u00f3j\u00e1t,<br \/>\n2003. november 21.-\u00e9n az emberis\u00e9g els\u0151 rep\u00fcl\u00e9s\u00e9nek 220. \u00e9vfordul\u00f3j\u00e1t \u00e9s<br \/>\n2004-ben m\u00e1r a\u00a0<a href=\"http:\/\/ballon.hu\/verseny\/nemzbajn.htm\">Nemzeti Bajnoks\u00e1g<\/a>\u00a0is elmaradt.<\/p>\n<p align=\"justify\">A szakbizotts\u00e1g vezet\u0151i &#8211; akik megv\u00e1laszt\u00e1sukkal elfogadt\u00e1k, hogy a k\u00f6z\u00f6ss\u00e9g\u00e9rt dolgoznak &#8211; elfelejtett\u00e9k feladatukat, nem tartj\u00e1k be szak\u00e1gunk szervezeti \u00e9s m\u0171k\u00f6d\u00e9si szab\u00e1lyzat\u00e1t, ha tesznek is valamit, munk\u00e1jukr\u00f3l semmit nem tudunk, nem l\u00e1tjuk eredm\u00e9ny\u00e9t. M\u00e9sz\u00e1ros B\u00e9la, aki az MRSZ Ballon Szak\u00e1g megalakul\u00e1sa \u00f3ta becs\u00fclettel dolgozik \u00e9rt\u00fcnk, bejelentette a visszavonul\u00e1s\u00e1t. El\u0151tt\u00fcnk \u00e1ll egy szervezeti \u00e1talakul\u00e1s, aminek a sikeres v\u00e9grehajt\u00e1s\u00e1hoz alapvet\u0151 v\u00e1ltoz\u00e1sok lenn\u00e9nek sz\u00fcks\u00e9gesek&#8230;<\/p><!--CusAds0-->\n<p align=\"justify\"><strong>De rem\u00e9lj\u00fck a legjobbakat!<\/strong><\/p>\n<p align=\"justify\"><em>A fenti bejegyz\u00e9s 2005. \u00e1prilis 29-\u00e9n sz\u00fcletett. Ma 2013. febru\u00e1r 11-\u00e9n ennyit tudok hozz\u00e1tenni:<strong> A rem\u00e9ny hal meg utolj\u00e1ra!<\/strong><\/em><\/p>\n<!--CusAds0-->\n<div style=\"font-size: 0px; height: 0px; line-height: 0px; margin: 0; padding: 0; clear: both;\"><\/div>","protected":false},"excerpt":{"rendered":"<p>A technikai \u00e9s technol\u00f3giai fejl\u0151d\u00e9se lehet\u0151v\u00e9 tette a leveg\u0151n\u00e9l k\u00f6nnyebb l\u00e9gij\u00e1rm\u0171vek renesz\u00e1nsz\u00e1t. A k\u00f6nny\u0171 tart\u00f3s \u00e9s kis l\u00e9g\u00e1tereszt\u00e9s\u0171 anyagok, a kiv\u00e1l\u00f3 gy\u00e1rt\u00e1si technol\u00f3gia, valamint a k\u00f6nnyen hozz\u00e1f\u00e9rhet\u0151 f\u0171t\u0151anyag a prop\u00e1n-but\u00e1n g\u00e1z \u00e9s nem utols\u00f3 sorban a rep\u00fcl\u00e9s szerelmeseinek, megsz\u00e1llottainak kitart\u00f3 munk\u00e1ja a h\u0151l\u00e9gballonok \u00fajkori elterjed\u00e9s\u00e9t eredm\u00e9nyezte. Az \u00fajkori h\u0151l\u00e9gballon rep\u00fcl\u00e9sek 1934-ben kezd\u0151dtek Ausztri\u00e1ban, Rudolf Brunner [&hellip;]<\/p>\n","protected":false},"author":1,"featured_media":0,"parent":48,"menu_order":5,"comment_status":"open","ping_status":"open","template":"","meta":[],"_links":{"self":[{"href":"https:\/\/ballon.hu\/index.php?rest_route=\/wp\/v2\/pages\/205"}],"collection":[{"href":"https:\/\/ballon.hu\/index.php?rest_route=\/wp\/v2\/pages"}],"about":[{"href":"https:\/\/ballon.hu\/index.php?rest_route=\/wp\/v2\/types\/page"}],"author":[{"embeddable":true,"href":"https:\/\/ballon.hu\/index.php?rest_route=\/wp\/v2\/users\/1"}],"replies":[{"embeddable":true,"href":"https:\/\/ballon.hu\/index.php?rest_route=%2Fwp%2Fv2%2Fcomments&post=205"}],"version-history":[{"count":0,"href":"https:\/\/ballon.hu\/index.php?rest_route=\/wp\/v2\/pages\/205\/revisions"}],"up":[{"embeddable":true,"href":"https:\/\/ballon.hu\/index.php?rest_route=\/wp\/v2\/pages\/48"}],"wp:attachment":[{"href":"https:\/\/ballon.hu\/index.php?rest_route=%2Fwp%2Fv2%2Fmedia&parent=205"}],"curies":[{"name":"wp","href":"https:\/\/api.w.org\/{rel}","templated":true}]}}