{"id":201,"date":"2013-02-11T18:22:46","date_gmt":"2013-02-11T17:22:46","guid":{"rendered":"http:\/\/ballon.hu\/?page_id=201"},"modified":"2013-02-11T18:22:46","modified_gmt":"2013-02-11T17:22:46","slug":"magyarorszagi-ballongyartok","status":"publish","type":"page","link":"https:\/\/ballon.hu\/?page_id=201","title":{"rendered":"Magyar ballongy\u00e1rt\u00f3k"},"content":{"rendered":"<div class=\"91eb22c871f95e36a57e63c989c4ed82\" data-index=\"1\" style=\"float: none; margin:10px 0 10px 0; text-align:center;\">\n<script type=\"text\/javascript\"><!--\r\ngoogle_ad_client = \"ca-pub-2865779868887008\";\r\n\/* Android box *\/\r\ngoogle_ad_slot = \"1345074415\";\r\ngoogle_ad_width = 336;\r\ngoogle_ad_height = 280;\r\n\/\/-->\r\n<\/script>\r\n<script type=\"text\/javascript\"\r\nsrc=\"http:\/\/pagead2.googlesyndication.com\/pagead\/show_ads.js\">\r\n<\/script>\n<\/div>\n<p>Magyarorsz\u00e1gi ballongy\u00e1rt\u00f3k \u00e9s az itthonra gy\u00e1rtott ballonjaik <span style=\"font-size: small;\"><em>(2005-ig)<\/em><\/span><\/p>\n<table width=\"78%\" border=\"00\" cellspacing=\"0\">\n<tbody>\n<tr>\n<td colspan=\"4\"><strong>Mez\u0151gazdas\u00e1gi \u00e9s \u00c9lelmez\u00e9s\u00fcgyi Miniszt\u00e9rium Rep\u00fcl\u0151g\u00e9pes Szolg\u00e1lat<\/strong><\/td>\n<\/tr>\n<tr>\n<td width=\"25%\">M\u0171k\u00f6d\u00e9si id\u0151<\/td>\n<td width=\"25%\">Gy\u00e1rtott ballonok sz\u00e1ma<\/td>\n<td width=\"25%\">Gy\u00e1rtott l\u00e9ghaj\u00f3k<\/td>\n<td><\/td>\n<\/tr>\n<tr>\n<td>1976-1986<\/td>\n<td>6 db<\/td>\n<td>&#8211;<\/td>\n<td><\/td>\n<\/tr>\n<tr>\n<td>Lajstromozott ballonok:<\/td>\n<td><\/td>\n<td><\/td>\n<td><\/td>\n<\/tr>\n<tr>\n<td colspan=\"4\">HA-001, HA-716, HA-801, HA-802, HA-803, HA-829<\/td>\n<\/tr>\n<tr>\n<td colspan=\"4\"><\/td>\n<\/tr>\n<tr>\n<td colspan=\"4\"><strong>M\u00c9M RSZ-BUDAFLAX<\/strong><\/td>\n<\/tr>\n<tr>\n<td>M\u0171k\u00f6d\u00e9si id\u0151<\/td>\n<td>Gy\u00e1rtott ballonok sz\u00e1ma<\/td>\n<td>Gy\u00e1rtott l\u00e9ghaj\u00f3k<\/td>\n<td><\/td>\n<\/tr>\n<tr>\n<td>1986<\/td>\n<td>1 db<\/td>\n<td>&#8211;<\/td>\n<td><\/td>\n<\/tr>\n<tr>\n<td>Lajstromozott ballonok:<\/td>\n<td><\/td>\n<td><\/td>\n<td><\/td>\n<\/tr>\n<tr>\n<td>HA-830<\/td>\n<td><\/td>\n<td><\/td>\n<td><\/td>\n<\/tr>\n<tr>\n<td><\/td>\n<td><\/td>\n<td><\/td>\n<td><\/td>\n<\/tr>\n<tr>\n<td colspan=\"4\"><strong>Rep\u00fcl\u0151g\u00e9pes Szolg\u00e1lat \u00c1llami V\u00e1llalat<\/strong><\/td>\n<\/tr>\n<tr>\n<td>M\u0171k\u00f6d\u00e9si id\u0151<\/td>\n<td>Gy\u00e1rtott ballonok sz\u00e1ma<\/td>\n<td>Gy\u00e1rtott l\u00e9ghaj\u00f3k<\/td>\n<td><\/td>\n<\/tr>\n<tr>\n<td>1990-1991, 1994<\/td>\n<td>6 db<\/td>\n<td>&#8211;<\/td>\n<td><\/td>\n<\/tr>\n<tr>\n<td>Lajstromozott ballonok:<\/td>\n<td><\/td>\n<td><\/td>\n<td><\/td>\n<\/tr>\n<tr>\n<td colspan=\"4\">HA-831, HA-842, HA-843, HA-845, HA-846, HA-848<\/td>\n<\/tr>\n<tr>\n<td colspan=\"4\"><\/td>\n<\/tr>\n<tr>\n<td colspan=\"4\"><strong>MHSZ K\u00f6zponti Ejt\u0151erny\u0151 Jav\u00edt\u00f3 M\u00fchely, Sz\u00e9kesfeh\u00e9rv\u00e1r<\/strong><\/td>\n<\/tr>\n<tr>\n<td>M\u0171k\u00f6d\u00e9si id\u0151<\/td>\n<td>Gy\u00e1rtott ballonok sz\u00e1ma<\/td>\n<td>Gy\u00e1rtott l\u00e9ghaj\u00f3k<\/td>\n<td><\/td>\n<\/tr>\n<tr>\n<td>1979-1985, 1991<\/td>\n<td>14 db<\/td>\n<td>&#8211;<\/td>\n<td><\/td>\n<\/tr>\n<tr>\n<td>Lajstromozott ballonok:<\/td>\n<td><\/td>\n<td><\/td>\n<td><\/td>\n<\/tr>\n<tr>\n<td colspan=\"4\">HA-101, HA-502, HA-602<br \/>\nHA-701, HA-709<br \/>\nHA-804, HA-806, HA-808, HA-809, HA-815, HA-818, HA-847<br \/>\nHA-901, HA 909<\/td>\n<\/tr>\n<tr>\n<td colspan=\"2\"><\/td>\n<td><\/td>\n<td><\/td>\n<\/tr>\n<tr>\n<td colspan=\"4\"><strong>B\u00e1ny\u00e1szati Aknam\u00e9ly\u00edt\u0151 V\u00e1llalat, P\u00e9cs<\/strong><\/td>\n<\/tr>\n<tr>\n<td>M\u0171k\u00f6d\u00e9si id\u0151<\/td>\n<td>Gy\u00e1rtott ballonok sz\u00e1ma<\/td>\n<td>Gy\u00e1rtott l\u00e9ghaj\u00f3k<\/td>\n<td><\/td>\n<\/tr>\n<tr>\n<td>1981-1990<\/td>\n<td>46 db<\/td>\n<td>HA-B-501<\/td>\n<td><\/td>\n<\/tr>\n<tr>\n<td>Lajstromozott ballonok:<\/td>\n<td><\/td>\n<td><\/td>\n<td><\/td>\n<\/tr>\n<tr>\n<td colspan=\"4\">HA-002, HA-501,<br \/>\nHA-702, HA-703, HA-705, HA-707, HA-708, HA-710, HA-711, HA-712, HA-713, HA-714, HA-715, HA-717, HA-718,<br \/>\nHA-807, HA-810, HA-811, HA-812, HA-813, HA-814, HA-816, HA-819, HA-820, HA-822, HA-823, HA-824, HA-826, HA-827, HA-828, HA-832, HA-833, HA-834, HA-835, HA-836, HA-837, HA-838, HA-839, HA-840, HA-841, HA-844,<br \/>\nHA-902, HA-903, HA-904, HA-905<\/td>\n<\/tr>\n<tr>\n<td colspan=\"4\"><\/td>\n<\/tr>\n<tr>\n<td colspan=\"4\"><strong>Mecsekballon Kft., P\u00e9cs<\/strong><\/td>\n<\/tr>\n<tr>\n<td>M\u0171k\u00f6d\u00e9si id\u0151<\/td>\n<td>Gy\u00e1rtott ballonok sz\u00e1ma<\/td>\n<td>Gy\u00e1rtott l\u00e9ghaj\u00f3k<\/td>\n<td><\/td>\n<\/tr>\n<tr>\n<td>1991-1994<\/td>\n<td>12 db<\/td>\n<td>&#8211;<\/td>\n<td><\/td>\n<\/tr>\n<tr>\n<td>Lajstromozott ballonok:<\/td>\n<td><\/td>\n<td><\/td>\n<td><\/td>\n<\/tr>\n<tr>\n<td colspan=\"4\">HA-725, HA-726, HA-727, HA-731, HA-732, HA-733, HA-734<br \/>\nHA-851, HA-855, HA-857, HA-858, HA-859<\/td>\n<\/tr>\n<tr>\n<td colspan=\"4\"><\/td>\n<\/tr>\n<tr>\n<td colspan=\"4\"><strong>Notheisz Ballon Kft., P\u00e9cs<\/strong><\/td>\n<\/tr>\n<tr>\n<td>M\u0171k\u00f6d\u00e9si id\u0151<\/td>\n<td>Gy\u00e1rtott ballonok sz\u00e1ma<\/td>\n<td>Gy\u00e1rtott l\u00e9ghaj\u00f3k<\/td>\n<td><\/td>\n<\/tr>\n<tr>\n<td>1994-<\/td>\n<td>32 db<\/td>\n<td>&#8211;<\/td>\n<td><\/td>\n<\/tr>\n<tr>\n<td>Lajstromozott ballonok:<\/td>\n<td><\/td>\n<td><\/td>\n<td><\/td>\n<\/tr>\n<tr>\n<td colspan=\"4\">HA-605<br \/>\nHA-723, HA-736, HA-737, HA-738, HA-740, HA-742, HA-743, HA-745, HA-747, HA-750, HA-751, HA-753, HA-755<br \/>\nHA-859, HA-861, HA-862, HA-863, HA-864, HA-865, HA-866, HA-867, HA-868, HA-869, HA-876<br \/>\nHA-912, HA-913, HA-917, HA-918, HA-920<br \/>\nHA-X03, HA-X04<\/td>\n<\/tr>\n<tr>\n<td><\/td>\n<td><\/td>\n<td><\/td>\n<td><\/td>\n<\/tr>\n<tr>\n<td colspan=\"4\"><strong>Marylla B\u0151rd\u00edszm\u0171 Gy\u00e1rt\u00f3, Kereskedelmi \u00e9s Szolg\u00e1ltat\u00f3 V\u00e1llalat<\/strong><\/td>\n<\/tr>\n<tr>\n<td>M\u0171k\u00f6d\u00e9si id\u0151<\/td>\n<td>Gy\u00e1rtott ballonok sz\u00e1ma<\/td>\n<td>Gy\u00e1rtott l\u00e9ghaj\u00f3k<\/td>\n<td><\/td>\n<\/tr>\n<tr>\n<td>1984<\/td>\n<td>1 db<\/td>\n<td>&#8211;<\/td>\n<td><\/td>\n<\/tr>\n<tr>\n<td>Lajstromozott ballonok:<\/td>\n<td><\/td>\n<td><\/td>\n<td><\/td>\n<\/tr>\n<tr>\n<td>HA-003<\/td>\n<td><\/td>\n<td><\/td>\n<td><\/td>\n<\/tr>\n<tr>\n<td><\/td>\n<td><\/td>\n<td><\/td>\n<td><\/td>\n<\/tr>\n<tr>\n<td colspan=\"4\"><strong>H\u00e9t Kontinens Ballon Kft., P\u00e9cs<\/strong><\/td>\n<\/tr>\n<tr>\n<td>M\u0171k\u00f6d\u00e9si id\u0151<\/td>\n<td>Gy\u00e1rtott ballonok sz\u00e1ma<\/td>\n<td>Gy\u00e1rtott l\u00e9ghaj\u00f3k<\/td>\n<td><\/td>\n<\/tr>\n<tr>\n<td>1990-1994<\/td>\n<td>25 db<\/td>\n<td>HA-B-601<\/td>\n<td><\/td>\n<\/tr>\n<tr>\n<td>Lajstromozott ballonok:<\/td>\n<td><\/td>\n<td><\/td>\n<td><\/td>\n<\/tr>\n<tr>\n<td colspan=\"4\">HA-301, HA-302, HA-401, HA-603, HA-604<br \/>\nHA-719, HA-720, HA-721, HA-722, HA-724, HA-728, HA-729, HA-735, HA-746<br \/>\nHA-849, HA-850, HA-852, HA-853, HA-854, HA-856, HA-870<br \/>\nHA-906, HA-907, HA-908<br \/>\nHA-X01<\/td>\n<\/tr>\n<\/tbody>\n<\/table>\n<!--CusAds0--><!--CusAds0-->\n<div style=\"font-size: 0px; height: 0px; line-height: 0px; margin: 0; padding: 0; clear: both;\"><\/div>","protected":false},"excerpt":{"rendered":"<p>Magyarorsz\u00e1gi ballongy\u00e1rt\u00f3k \u00e9s az itthonra gy\u00e1rtott ballonjaik (2005-ig) Mez\u0151gazdas\u00e1gi \u00e9s \u00c9lelmez\u00e9s\u00fcgyi Miniszt\u00e9rium Rep\u00fcl\u0151g\u00e9pes Szolg\u00e1lat M\u0171k\u00f6d\u00e9si id\u0151 Gy\u00e1rtott ballonok sz\u00e1ma Gy\u00e1rtott l\u00e9ghaj\u00f3k 1976-1986 6 db &#8211; Lajstromozott ballonok: HA-001, HA-716, HA-801, HA-802, HA-803, HA-829 M\u00c9M RSZ-BUDAFLAX M\u0171k\u00f6d\u00e9si id\u0151 Gy\u00e1rtott ballonok sz\u00e1ma Gy\u00e1rtott l\u00e9ghaj\u00f3k 1986 1 db &#8211; Lajstromozott ballonok: HA-830 Rep\u00fcl\u0151g\u00e9pes Szolg\u00e1lat \u00c1llami V\u00e1llalat M\u0171k\u00f6d\u00e9si id\u0151 [&hellip;]<\/p>\n","protected":false},"author":1,"featured_media":0,"parent":48,"menu_order":4,"comment_status":"open","ping_status":"open","template":"","meta":[],"_links":{"self":[{"href":"https:\/\/ballon.hu\/index.php?rest_route=\/wp\/v2\/pages\/201"}],"collection":[{"href":"https:\/\/ballon.hu\/index.php?rest_route=\/wp\/v2\/pages"}],"about":[{"href":"https:\/\/ballon.hu\/index.php?rest_route=\/wp\/v2\/types\/page"}],"author":[{"embeddable":true,"href":"https:\/\/ballon.hu\/index.php?rest_route=\/wp\/v2\/users\/1"}],"replies":[{"embeddable":true,"href":"https:\/\/ballon.hu\/index.php?rest_route=%2Fwp%2Fv2%2Fcomments&post=201"}],"version-history":[{"count":0,"href":"https:\/\/ballon.hu\/index.php?rest_route=\/wp\/v2\/pages\/201\/revisions"}],"up":[{"embeddable":true,"href":"https:\/\/ballon.hu\/index.php?rest_route=\/wp\/v2\/pages\/48"}],"wp:attachment":[{"href":"https:\/\/ballon.hu\/index.php?rest_route=%2Fwp%2Fv2%2Fmedia&parent=201"}],"curies":[{"name":"wp","href":"https:\/\/api.w.org\/{rel}","templated":true}]}}