{"id":197,"date":"2013-02-11T18:14:18","date_gmt":"2013-02-11T17:14:18","guid":{"rendered":"http:\/\/ballon.hu\/?page_id=197"},"modified":"2013-02-11T18:14:18","modified_gmt":"2013-02-11T17:14:18","slug":"az-elso-magyar-holegballon-a-pannonia","status":"publish","type":"page","link":"https:\/\/ballon.hu\/?page_id=197","title":{"rendered":"Az els\u0151 magyar h\u0151l\u00e9gballon, a Pann\u00f3nia"},"content":{"rendered":"<div class=\"91eb22c871f95e36a57e63c989c4ed82\" data-index=\"1\" style=\"float: none; margin:10px 0 10px 0; text-align:center;\">\n<script type=\"text\/javascript\"><!--\r\ngoogle_ad_client = \"ca-pub-2865779868887008\";\r\n\/* Android box *\/\r\ngoogle_ad_slot = \"1345074415\";\r\ngoogle_ad_width = 336;\r\ngoogle_ad_height = 280;\r\n\/\/-->\r\n<\/script>\r\n<script type=\"text\/javascript\"\r\nsrc=\"http:\/\/pagead2.googlesyndication.com\/pagead\/show_ads.js\">\r\n<\/script>\n<\/div>\n<div style=\"width: 210px\" class=\"wp-caption alignleft\"><a href=\"http:\/\/ballon.hu\/tortenet\/picttort\/HA-001-1.jpg\" target=\"_blank\"><img decoding=\"async\" loading=\"lazy\" class=\" \" alt=\"Pann\u00f3nia, az els\u0151 magyar h\u0151l\u00e9gballon\" src=\"http:\/\/ballon.hu\/tortenet\/picttort\/HA-001-1s.jpg\" width=\"200\" height=\"291\" \/><\/a><p class=\"wp-caption-text\">Pann\u00f3nia, az els\u0151 magyar h\u0151l\u00e9gballon<\/p><\/div>\n<p>A\u00a0<strong>M\u00c9M Rep\u00fcl\u0151g\u00e9pes Szolg\u00e1lat<\/strong>n\u00e1l, Fazekas J\u00f3zsef f\u0151igazgat\u00f3 \u00e9s munkat\u00e1rsai nem feledkeztek arr\u00f3l, hogy a rep\u00fcl\u00e9st sok lelkes rajong\u00f3ja, sportbar\u00e1t, megsz\u00e1llott milyen m\u00e9rt\u00e9kben vitte el\u0151re \u00e9s nem feledkeztek meg arr\u00f3l, hogy a l\u00e9gi sportok milyen nagy nevel\u0151er\u0151t k\u00e9pviselnek. Meger\u0151s\u00f6dtek a Szolg\u00e1lat \u00e1ltal t\u00e1mogatott klubok is. \u00daj szakoszt\u00e1lyok alakultak, gyarapodtak a technikai eszk\u00f6zeik, \u00fajabb fiatalok kapcsol\u00f3dtak be a sporttev\u00e9kenys\u00e9gbe, akik e rep\u00fcl\u00e9s lelkes t\u00e1mogat\u00f3iv\u00e1 v\u00e1ltak. Ilyen l\u00e9gk\u00f6rben nem volt v\u00e9letlen, hogy akadtak olyanok, akiket nem el\u00e9g\u00edtett ki a &#8222;szok\u00e1sos&#8221; rep\u00fcl\u0151tev\u00e9kenys\u00e9g, akik nagy figyelmet ford\u00edtottak a nemzetk\u00f6zi rep\u00fcl\u0151\u00e9let esem\u00e9nyeire \u00e9s tendenci\u00e1ira, felfigyeltek a m\u00e1r &#8222;elfeledett&#8221; l\u00e9gi tev\u00e9kenys\u00e9gek \u00fajj\u00e1sz\u00fclet\u00e9s\u00e9re.<\/p>\n<p>A M\u00c9M Rep\u00fcl\u0151g\u00e9pes Szolg\u00e1lat kaposv\u00e1ri b\u00e1zis\u00e1n\u00a0<strong><a href=\"http:\/\/ballon.hu\/ballonos\/gulyas_geza.htm\">Guly\u00e1s G\u00e9za<\/a><\/strong>\u00a0kezdte meg k\u00eds\u00e9rleteit 1974-1976 k\u00f6z\u00f6tt, hi\u00e1nyos \u00e9rtes\u00fcl\u00e9sekkel, de ann\u00e1l nagyobb lelkesed\u00e9ssel. Voltak olyanok, akik t\u00e1mogatt\u00e1k, voltak olyanok, akik &#8222;csendes \u0151r\u00fcltnek&#8221; tartott\u00e1k, de semleges senki sem maradt.<br \/>\n1976. m\u00e1rcius 14. Nagy Nap! Elk\u00e9sz\u00fclt az els\u0151 modell, ami 120 m3-es volt, de m\u00e1r \u00e9lt. A leveg\u0151be emelkedett Buda\u00f6rs\u00f6n \u00e9s ezzel beigazol\u00f3dott a h\u0151l\u00e9gballon \u00e9p\u00edt\u00e9s\u00e9nek a lehet\u0151s\u00e9ge. Az els\u0151 k\u00eds\u00e9rletek leglelkesebb k\u00f6zrem\u0171k\u00f6d\u0151i Nyisztor L\u00e1szl\u00f3, Hajd\u00fa K\u00e1roly, Gittinger Zsolt, Pettenkoffer S\u00e1ndor \u00e9s term\u00e9szetesen Guly\u00e1s G\u00e9za voltak. A modell elk\u00e9sz\u00edt\u00e9s\u00e9n csak \u00f6t f\u0151 dolgozott, de a siker ut\u00e1n m\u00e1r nap, mint nap \u00fajabb &#8222;megsz\u00e1llottak&#8221; jelentkeztek. Ekkor csatlakozott a csoporthoz\u00a0<strong>Balik\u00f3 P\u00e1l<\/strong>, a k\u00e9s\u0151bbi szakoszt\u00e1lyvezet\u0151 is. A sikerek alapj\u00e1n a Szolg\u00e1lat vezet\u00e9se hozz\u00e1j\u00e1rult egy igazi h\u0151l\u00e9gballon, a Pann\u00f3nia \u00e9p\u00edt\u00e9s\u00e9hez.<\/p>\n<div style=\"width: 210px\" class=\"wp-caption alignright\"><a href=\"http:\/\/ballon.hu\/tortenet\/picttort\/HA-001-2.jpg\" target=\"_blank\"><img decoding=\"async\" loading=\"lazy\" class=\" \" alt=\"HA-001, a \" src=\"http:\/\/ballon.hu\/tortenet\/picttort\/HA-001-2s.jpg\" width=\"200\" height=\"232\" \/><\/a><p class=\"wp-caption-text\">HA-001, a &#8222;Panni&#8221;<\/p><\/div>\n<p>Sok-sok k\u00eds\u00e9rletez\u00e9ssel, pr\u00f3b\u00e1lkoz\u00e1ssal, m\u00f3dos\u00edt\u00e1ssal, de egyre \u00e9p\u00fclt a &#8222;<strong>Panni<\/strong>&#8222;. \u00dajra meg kellett tal\u00e1lni a megold\u00e1st olyan k\u00e9rd\u00e9sekben, amit m\u00e1shol m\u00e1r kital\u00e1ltak, megoldottak, esetleg \u00e9vek hossz\u00fa munk\u00e1j\u00e1val, mert a szakirodalom m\u00e9g nem volt hozz\u00e1f\u00e9rhet\u0151. \u00d3ri\u00e1si munka \u00e1r\u00e1n elk\u00e9sz\u00fclt el\u0151sz\u00f6r a Pann\u00f3nia ballonkupol\u00e1ja, amit akkor m\u00e9g h\u0151l\u00e9gf\u00fav\u00f3val t\u00f6lt\u00f6ttek fel. Elk\u00e9sz\u00fclt a f\u0171t\u0151 rendszer \u00e9s a gondola is.<\/p>\n<p>1977. j\u00falius\u00e1ban, Egerben rendezt\u00e9k meg a f\u00fcgg\u0151vitorl\u00e1z\u00f3k nemzetk\u00f6zi tal\u00e1lkoz\u00f3j\u00e1t, ahol a Pann\u00f3nia is\u00a0<strong>leveg\u0151be emelkedett<\/strong>, igaz csak kik\u00f6tve \u00e9s kedvez\u0151tlen\u00fcl er\u0151s sz\u00e9lviszonyok k\u00f6z\u00f6tt. \u00dajabb k\u00eds\u00e9rletek \u00e9s munka ut\u00e1n a k\u00f6vetkez\u0151 c\u00e9l a szabad rep\u00fcl\u00e9s volt. A lengyelorsz\u00e1gi Poznan rep\u00fcl\u0151klubja v\u00e1llalta a magyar pil\u00f3t\u00e1k kik\u00e9pz\u00e9s\u00e9t \u00e9s egy versenyr\u00e9szv\u00e9telt is biztos\u00edtottak. Nekik volt egy h\u0151l\u00e9gballon pil\u00f3t\u00e1juk \u00e9s egy g\u00e1zballonjuk. A l\u00e9g\u00fcgyi hat\u00f3s\u00e1g ideiglenes lajstromjelet \u00e1llap\u00edtott meg, kiadta az ideiglenes l\u00e9gialkalmass\u00e1gi bizony\u00edtv\u00e1nyt \u00e9s az ideiglenes szakszolg\u00e1lati enged\u00e9lyeket:<\/p>\n<blockquote><p>001.\u00a0<a href=\"http:\/\/ballon.hu\/ballonos\/gulyas_geza.htm\">Guly\u00e1s G\u00e9za<\/a><br \/>\n002. Balik\u00f3 P\u00e1l<br \/>\n003. Kast\u00e9ly S\u00e1ndor<\/p><!--CusAds0--><\/blockquote>\n<p><strong>1977. okt\u00f3ber 12<\/strong>-\u00e9n rep\u00fclt el\u0151sz\u00f6r a Pann\u00f3nia L\u00f3dzban. A l\u00e9gij\u00e1rm\u0171 parancsnoka Stefan Makne volt, gyakorl\u00f3 pil\u00f3t\u00e1k Guly\u00e1s G\u00e9za \u00e9s Balik\u00f3 P\u00e1l. Okt\u00f3ber 14-\u00e9n m\u00e1r Kast\u00e9ly S\u00e1ndor volt a parancsnok \u00e9s szem\u00e9lyzete a m\u00e1sik k\u00e9t magyar h\u0151l\u00e9gballon-pil\u00f3ta jel\u00f6lt.<br \/>\n<span style=\"font-size: small;\"><em>[L\u00e9gg\u00f6mb Magazin 1979. I. \u00e9vfolyam 2. sz\u00e1m, Guly\u00e1s G\u00e9za \u00e9s Balik\u00f3 P\u00e1l cikke alapj\u00e1n]<\/em><\/span><\/p>\n<!--CusAds0-->\n<div style=\"font-size: 0px; height: 0px; line-height: 0px; margin: 0; padding: 0; clear: both;\"><\/div>","protected":false},"excerpt":{"rendered":"<p>A\u00a0M\u00c9M Rep\u00fcl\u0151g\u00e9pes Szolg\u00e1latn\u00e1l, Fazekas J\u00f3zsef f\u0151igazgat\u00f3 \u00e9s munkat\u00e1rsai nem feledkeztek arr\u00f3l, hogy a rep\u00fcl\u00e9st sok lelkes rajong\u00f3ja, sportbar\u00e1t, megsz\u00e1llott milyen m\u00e9rt\u00e9kben vitte el\u0151re \u00e9s nem feledkeztek meg arr\u00f3l, hogy a l\u00e9gi sportok milyen nagy nevel\u0151er\u0151t k\u00e9pviselnek. Meger\u0151s\u00f6dtek a Szolg\u00e1lat \u00e1ltal t\u00e1mogatott klubok is. \u00daj szakoszt\u00e1lyok alakultak, gyarapodtak a technikai eszk\u00f6zeik, \u00fajabb fiatalok kapcsol\u00f3dtak be a [&hellip;]<\/p>\n","protected":false},"author":1,"featured_media":0,"parent":48,"menu_order":3,"comment_status":"open","ping_status":"open","template":"","meta":[],"_links":{"self":[{"href":"https:\/\/ballon.hu\/index.php?rest_route=\/wp\/v2\/pages\/197"}],"collection":[{"href":"https:\/\/ballon.hu\/index.php?rest_route=\/wp\/v2\/pages"}],"about":[{"href":"https:\/\/ballon.hu\/index.php?rest_route=\/wp\/v2\/types\/page"}],"author":[{"embeddable":true,"href":"https:\/\/ballon.hu\/index.php?rest_route=\/wp\/v2\/users\/1"}],"replies":[{"embeddable":true,"href":"https:\/\/ballon.hu\/index.php?rest_route=%2Fwp%2Fv2%2Fcomments&post=197"}],"version-history":[{"count":0,"href":"https:\/\/ballon.hu\/index.php?rest_route=\/wp\/v2\/pages\/197\/revisions"}],"up":[{"embeddable":true,"href":"https:\/\/ballon.hu\/index.php?rest_route=\/wp\/v2\/pages\/48"}],"wp:attachment":[{"href":"https:\/\/ballon.hu\/index.php?rest_route=%2Fwp%2Fv2%2Fmedia&parent=197"}],"curies":[{"name":"wp","href":"https:\/\/api.w.org\/{rel}","templated":true}]}}