{"id":1119,"date":"2016-04-07T10:32:45","date_gmt":"2016-04-07T10:32:45","guid":{"rendered":"http:\/\/ballon.hu\/?page_id=1119"},"modified":"2017-11-25T11:29:55","modified_gmt":"2017-11-25T10:29:55","slug":"kecskemet","status":"publish","type":"page","link":"https:\/\/ballon.hu\/?page_id=1119","title":{"rendered":"Kecskem\u00e9t"},"content":{"rendered":"<div class=\"91eb22c871f95e36a57e63c989c4ed82\" data-index=\"1\" style=\"float: none; margin:10px 0 10px 0; text-align:center;\">\n<script type=\"text\/javascript\"><!--\r\ngoogle_ad_client = \"ca-pub-2865779868887008\";\r\n\/* Android box *\/\r\ngoogle_ad_slot = \"1345074415\";\r\ngoogle_ad_width = 336;\r\ngoogle_ad_height = 280;\r\n\/\/-->\r\n<\/script>\r\n<script type=\"text\/javascript\"\r\nsrc=\"http:\/\/pagead2.googlesyndication.com\/pagead\/show_ads.js\">\r\n<\/script>\n<\/div>\n<p><a href=\"http:\/\/www.aviationweather.gov\/adds\/metars\/index?station_ids=LHKE&amp;std_trans=standard&amp;chk_metars=on&amp;hoursStr=past+6+hours&amp;submitmet=Submit\" target=\"_blank\" rel=\"noopener noreferrer\">Kecskem\u00e9t\u00a0rep\u00fcl\u0151t\u00e9r METAR adatai, utols\u00f3 6 \u00f3ra<\/a>\u00a0\u00a0(<a href=\"http:\/\/ballon.hu\/?p=1152\">METAR \u00e9rtelmez\u0151<\/a>)<\/p>\n<p><iframe loading=\"lazy\" src=\"https:\/\/embed.windyty.com\/?46.929,19.754,7,menu,message,marker\" width=\"640\" height=\"640\" frameborder=\"0\"><\/iframe><\/p>\n<p>Kecskem\u00e9t <a href=\"https:\/\/www.meteoblue.com\/hu\/id%C5%91j%C3%A1r%C3%A1s\/el%C5%91rejelz%C3%A9s\/air\/kecskem%C3%A9t_magyarorsz%C3%A1g_3050434\" target=\"_blank\" rel=\"noopener\">airgram<\/a>\u00a03 napra, radark\u00e9pek:\u00a0<a href=\"http:\/\/www.idokep.hu\/radar\" target=\"_blank\" rel=\"noopener\">Idokep.hu<\/a>,\u00a0<a href=\"http:\/\/m.koponyeg.hu\/?m=radarkep\" target=\"_blank\" rel=\"noopener\">m.koponyeg.hu<\/a><\/p>\n<p>Kecskem\u00e9t meteogram 5 napra<\/p>\n<p><img decoding=\"async\" loading=\"lazy\" class=\"aligncenter size-full\" src=\"https:\/\/my.meteoblue.com\/visimage\/meteogram_web?look=KILOMETER_PER_HOUR%2CCELSIUS%2CMILLIMETER&amp;apikey=5838a18e295d&amp;cache=no&amp;city=Kecskem%C3%A9t&amp;iso2=hu&amp;lat=46.906200&amp;lon=19.691299&amp;asl=120&amp;tz=Europe%2FBudapest&amp;lang=hu&amp;ts=1511605662&amp;sig=819ba33263710ec1fb90696530305d24\" alt=\"Kecskem\u00e9t meteogram\" width=\"740\" height=\"490\" \/><\/p><!--CusAds0-->\n<!--CusAds0-->\n<div style=\"font-size: 0px; height: 0px; line-height: 0px; margin: 0; padding: 0; clear: both;\"><\/div>","protected":false},"excerpt":{"rendered":"<p>Kecskem\u00e9t\u00a0rep\u00fcl\u0151t\u00e9r METAR adatai, utols\u00f3 6 \u00f3ra\u00a0\u00a0(METAR \u00e9rtelmez\u0151) Kecskem\u00e9t airgram\u00a03 napra, radark\u00e9pek:\u00a0Idokep.hu,\u00a0m.koponyeg.hu Kecskem\u00e9t meteogram 5 napra<\/p>\n","protected":false},"author":1,"featured_media":0,"parent":72,"menu_order":2,"comment_status":"closed","ping_status":"closed","template":"","meta":[],"_links":{"self":[{"href":"https:\/\/ballon.hu\/index.php?rest_route=\/wp\/v2\/pages\/1119"}],"collection":[{"href":"https:\/\/ballon.hu\/index.php?rest_route=\/wp\/v2\/pages"}],"about":[{"href":"https:\/\/ballon.hu\/index.php?rest_route=\/wp\/v2\/types\/page"}],"author":[{"embeddable":true,"href":"https:\/\/ballon.hu\/index.php?rest_route=\/wp\/v2\/users\/1"}],"replies":[{"embeddable":true,"href":"https:\/\/ballon.hu\/index.php?rest_route=%2Fwp%2Fv2%2Fcomments&post=1119"}],"version-history":[{"count":8,"href":"https:\/\/ballon.hu\/index.php?rest_route=\/wp\/v2\/pages\/1119\/revisions"}],"predecessor-version":[{"id":1402,"href":"https:\/\/ballon.hu\/index.php?rest_route=\/wp\/v2\/pages\/1119\/revisions\/1402"}],"up":[{"embeddable":true,"href":"https:\/\/ballon.hu\/index.php?rest_route=\/wp\/v2\/pages\/72"}],"wp:attachment":[{"href":"https:\/\/ballon.hu\/index.php?rest_route=%2Fwp%2Fv2%2Fmedia&parent=1119"}],"curies":[{"name":"wp","href":"https:\/\/api.w.org\/{rel}","templated":true}]}}