{"id":149,"date":"2013-02-11T10:35:32","date_gmt":"2013-02-11T09:35:32","guid":{"rendered":"http:\/\/ballon.hu\/?page_id=149"},"modified":"2016-05-04T11:30:10","modified_gmt":"2016-05-04T11:30:10","slug":"ballonok-osztalyozasa","status":"publish","type":"page","link":"http:\/\/ballon.hu\/?page_id=149","title":{"rendered":"Ballonok oszt\u00e1lyoz\u00e1sa"},"content":{"rendered":"<div class=\"71412af0e73d5d7388caca345de1e9dd\" data-index=\"1\" style=\"float: none; margin:10px 0 10px 0; text-align:center;\">\n<script type=\"text\/javascript\"><!--\r\ngoogle_ad_client = \"ca-pub-2865779868887008\";\r\n\/* Android box *\/\r\ngoogle_ad_slot = \"1345074415\";\r\ngoogle_ad_width = 336;\r\ngoogle_ad_height = 280;\r\n\/\/-->\r\n<\/script>\r\n<script type=\"text\/javascript\"\r\nsrc=\"http:\/\/pagead2.googlesyndication.com\/pagead\/show_ads.js\">\r\n<\/script>\n<\/div>\n<p>A Nemzetk\u00f6zi Rep\u00fcl\u0151sz\u00f6vets\u00e9g Sportk\u00f3dex\u00e9ben sorolj\u00e1k be a rep\u00fcl\u00e9s k\u00fcl\u00f6nb\u00f6z\u0151 \u00e1gait oszt\u00e1lyokba. Az &#8222;A&#8221; \u00e9s &#8222;B&#8221; oszt\u00e1ly a leveg\u0151n\u00e9l k\u00f6nnyebb rep\u00fcl\u0151 eszk\u00f6z\u00f6k, a szabad ballonok \u00e9s l\u00e9ghaj\u00f3k csoportja. Ennek a k\u00e9t oszt\u00e1lynak a tov\u00e1bbi feloszt\u00e1s\u00e1r\u00f3l a Sportk\u00f3dex I. szakasz\u00e1nak 2. fejezete rendelkezik, ami a k\u00f6vetkez\u0151:<\/p>\n<p><strong>A OSZT\u00c1LY: SZABAD BALLONOK<\/strong><\/p>\n<p>A oszt\u00e1ly, szabad ballonok, \u00f6t aloszt\u00e1lyra oszlik \u00e9s minden aloszt\u00e1lyban 15 m\u00e9retkateg\u00f3ria van. Az aloszt\u00e1lyok a k\u00f6vetkez\u0151k:<\/p>\n<ol>\n<li><a href=\"http:\/\/ballon.hu\/?page_id=160\">AA<\/a>\u00a0<a href=\"http:\/\/ballon.hu\/?page_id=160\">aloszt\u00e1ly<\/a>: szabad ballon, ami nem rendelkezik rep\u00fcl\u00e9s k\u00f6zbeni f\u0171t\u00e9si lehet\u0151s\u00e9ggel \u00e9s a felhajt\u00f3erej\u00e9t egy a leveg\u0151n\u00e9l k\u00f6nnyebb g\u00e1z adja, ami egy nem t\u00falnyom\u00e1s alatt l\u00e9v\u0151 kupol\u00e1ban van.<\/li>\n<li><a href=\"http:\/\/ballon.hu\/?page_id=143\">AX<\/a>\u00a0<a href=\"http:\/\/ballon.hu\/?page_id=143\">aloszt\u00e1ly<\/a>: szabad ballon, aminek felhajt\u00f3erej\u00e9t kiz\u00e1r\u00f3lag a leveg\u0151 felf\u0171t\u00e9se adja \u00e9s a kupola nem tartalmazhat m\u00e1s g\u00e1zt, mint leveg\u0151t \u00e9s norm\u00e1lis \u00e9g\u00e9sterm\u00e9keket.<\/li>\n<li><a href=\"http:\/\/ballon.hu\/?page_id=165\">AM<\/a>\u00a0<a href=\"http:\/\/ballon.hu\/?page_id=165\">aloszt\u00e1ly<\/a>: szabad ballon, ami egy\u00fctt haszn\u00e1lja a leveg\u0151n\u00e9l k\u00f6nnyebb g\u00e1zokat \u00e9s a rep\u00fcl\u00e9s k\u00f6zbeni f\u0171t\u00e9st, t\u00falnyom\u00e1s n\u00e9lk\u00fcli kupol\u00e1ban.<\/li>\n<li>AS\u00a0aloszt\u00e1ly: szabad ballon, ami leveg\u0151n\u00e9l k\u00f6nnyebb g\u00e1zt haszn\u00e1l \u00e9s egy megfelel\u0151en t\u00falnyom\u00e1sos kupol\u00e1t haszn\u00e1l az emel\u0151 teljes\u00edtm\u00e9ny\u00e9nek szab\u00e1lyoz\u00e1s\u00e1hoz.<\/li>\n<li>AT\u00a0aloszt\u00e1ly: szabad ballon, ami nem sorolhat\u00f3 be az AA, AX, AM, AS aloszt\u00e1lyok egyik\u00e9be sem.<\/li>\n<\/ol>\n<p>ALOSZT\u00c1LYOK M\u00c9RETKATEG\u00d3RI\u00c1I<br \/>\nMinden aloszt\u00e1lyban a k\u00f6vetkez\u0151 m\u00e9retkateg\u00f3ri\u00e1k vannak:<\/p>\n<p><a href=\"http:\/\/ballon.hu\/wp-content\/uploads\/2013\/02\/BallonOsztalyok.jpg\"><img decoding=\"async\" loading=\"lazy\" class=\"aligncenter size-full wp-image-153\" src=\"http:\/\/ballon.hu\/wp-content\/uploads\/2013\/02\/BallonOsztalyok.jpg\" alt=\"Ballonok osztaly\u00e1z\u00e1sa\" width=\"448\" height=\"585\" \/><\/a><\/p><!--CusAds0-->\n<p>TELJES\u00cdTM\u00c9NY-T\u00c9RFOGAT MEGHAT\u00c1ROZ\u00c1SA<br \/>\nA szabad ballon teljes\u00edtm\u00e9ny-t\u00e9rfogat\u00e1t a ballonrendszer minden r\u00e9sz\u00e9nek abb\u00f3l legnagyobb a geometriai form\u00e1tum\u00e1b\u00f3l kell sz\u00e1molni, amit rep\u00fcl\u00e9s k\u00f6zben el\u00e9rhet, rugalmas t\u00e1gul\u00e1s n\u00e9lk\u00fcl. Ha ballon rugalmas anyagb\u00f3l k\u00e9sz\u00fclt, akkor a rep\u00fcl\u00e9s k\u00f6zbeni aktu\u00e1lis m\u00e9ret hat\u00e1rozza meg a m\u00e9ret-kateg\u00f3ri\u00e1t \u00e9s ezt az \u00e9rt\u00e9ket kell haszn\u00e1lni. A meghat\u00e1rozott \u00e9rt\u00e9keket a legk\u00f6zelebbi k\u00f6bm\u00e9terre kell kerek\u00edteni.<\/p>\n<p>G\u00c1ZOK EGYEN\u00c9RT\u00c9K\u0170S\u00c9GE<br \/>\nAz AA aloszt\u00e1lyban a geometria m\u00e9retet meg kell szorozni egy az emel\u00e9st biztos\u00edt\u00f3 g\u00e1zzal ar\u00e1nyos t\u00e9nyez\u0151vel, miel\u0151tt meghat\u00e1rozz\u00e1k a kateg\u00f3ri\u00e1t. A t\u00e9nyez\u0151k a k\u00f6vetkez\u0151k:<\/p>\n<blockquote><p>Hidrog\u00e9n (H2): 1,5507<br \/>\nH\u00e9lium (He): 1,4363<br \/>\nAmm\u00f3nia (NH3): 0,6867<\/p><\/blockquote>\n<p>Minden m\u00e1s g\u00e1z vagy g\u00e1zkever\u00e9k haszn\u00e1latakor a t\u00e9nyez\u0151:<\/p>\n<blockquote><p>L \/ 0,735<\/p><\/blockquote>\n<p>Ahol az L az emel\u0151 er\u0151t jelenti kilogramm per k\u00f6bm\u00e9terre sz\u00e1m\u00edtva 15 Celsius fok h\u0151m\u00e9rs\u00e9kleten \u00e9s 1013,25 hPa nyom\u00e1sn\u00e1l.<br \/>\nTiszta g\u00e1zok kever\u00e9k\u00e9n\u00e9l az L-t meghat\u00e1roz\u00e1s\u00e1hoz a k\u00f6vetkez\u0151 elm\u00e9leti emel\u0151 er\u0151ket kell haszn\u00e1lni:<\/p>\n<blockquote><p>Hidrog\u00e9n (H2): 1,13976<br \/>\nH\u00e9lium (He): 1,05571<br \/>\nAmm\u00f3nia (NH3): 0,5047<\/p><\/blockquote>\n<p><strong>B OSZT\u00c1LY:\u00a0<a href=\"http:\/\/ballon.hu\/?page_id=171\">L\u00c9GHAJ\u00d3K<\/a><\/strong><\/p>\n<p>A\u00a0l\u00e9ghaj\u00f3k\u00a0B oszt\u00e1ly\u00e1nak n\u00e9gy aloszt\u00e1lya van, amiknek egyenk\u00e9nt 10 m\u00e9ret-kateg\u00f3ri\u00e1ja van. Az aloszt\u00e1lyok a k\u00f6vetkez\u0151k:<\/p>\n<ol>\n<li>BA\u00a0aloszt\u00e1ly: l\u00e9ghaj\u00f3k, amik emel\u0151erej\u00e9nek legal\u00e1bb a 80%-\u00e1t egy leveg\u0151n\u00e9l k\u00f6nnyebb g\u00e1z adja \u00e9s nem tartoznak a BR aloszt\u00e1lyba.<\/li>\n<li>BX\u00a0aloszt\u00e1ly: l\u00e9ghaj\u00f3k, amiknek a felhajt\u00f3ereje kiz\u00e1r\u00f3lag hev\u00edtett leveg\u0151 eredm\u00e9nye. A kupola nem tartalmazhat m\u00e1s g\u00e1zt, mint leveg\u0151t \u00e9s norm\u00e1lis \u00e9g\u00e9sterm\u00e9keket.<\/li>\n<li>BR\u00a0aloszt\u00e1ly: l\u00e9ghaj\u00f3k, amik emel\u0151erej\u00e9nek legal\u00e1bb a 80%-\u00e1t egy leveg\u0151n\u00e9l k\u00f6nnyebb g\u00e1z adja \u00e9s a teljes k\u00fcls\u0151 kupola form\u00e1j\u00e1t egy merev v\u00e1z hat\u00e1rozza meg.<\/li>\n<li>BT\u00a0aloszt\u00e1ly: minden m\u00e1s l\u00e9ghaj\u00f3, bele\u00e9rtve azokat, amelyek emel\u0151erej\u00e9nek t\u00f6bb mint 20%-a a tol\u00f3er\u0151 eredm\u00e9nye.<\/li>\n<\/ol>\n<p>ALOSZT\u00c1LYOK M\u00c9RETKATEG\u00d3RI\u00c1I<br \/>\nMinden aloszt\u00e1lyban a k\u00f6vetkez\u0151 m\u00e9retkateg\u00f3ri\u00e1k vannak:<\/p>\n<p><a href=\"http:\/\/ballon.hu\/wp-content\/uploads\/2013\/02\/LeghajokOsztalyai.jpg\"><img decoding=\"async\" loading=\"lazy\" class=\"aligncenter size-full wp-image-155\" src=\"http:\/\/ballon.hu\/wp-content\/uploads\/2013\/02\/LeghajokOsztalyai.jpg\" alt=\"L\u00e9ghaj\u00f3k Oszt\u00e1lyoz\u00e1sa\" width=\"377\" height=\"384\" \/><\/a><\/p>\n<p>A l\u00e9ghaj\u00f3k teljes\u00edtm\u00e9ny-t\u00e9rfogat\u00e1t az emel\u0151 g\u00e1zt tartalmaz\u00f3 tart\u00e1ly legnagyobb geometriai form\u00e1tum\u00e1b\u00f3l kell sz\u00e1molni, amit rep\u00fcl\u00e9s k\u00f6zben el\u00e9rhet, rugalmas t\u00e1gul\u00e1s n\u00e9lk\u00fcl. Ha tart\u00e1ly rugalmas anyagb\u00f3l k\u00e9sz\u00fclt, akkor a rep\u00fcl\u00e9s k\u00f6zbeni aktu\u00e1lis m\u00e9ret hat\u00e1rozza meg a m\u00e9ret-kateg\u00f3ri\u00e1t \u00e9s ezt az \u00e9rt\u00e9ket kell haszn\u00e1lni. A meghat\u00e1rozott \u00e9rt\u00e9keket a legk\u00f6zelebbi k\u00f6bm\u00e9terre kell kerek\u00edteni.<\/p>\n<p>G\u00c1ZOK EGYEN\u00c9RT\u00c9K\u0170S\u00c9GE<br \/>\nNem haszn\u00e1lnak egyen\u00e9rt\u00e9k\u0171s\u00e9gi t\u00e9nyez\u0151t a B oszt\u00e1lyban.<\/p>\n<!--CusAds0-->\n<div style=\"font-size: 0px; height: 0px; line-height: 0px; margin: 0; padding: 0; clear: both;\"><\/div>","protected":false},"excerpt":{"rendered":"<p>A Nemzetk\u00f6zi Rep\u00fcl\u0151sz\u00f6vets\u00e9g Sportk\u00f3dex\u00e9ben sorolj\u00e1k be a rep\u00fcl\u00e9s k\u00fcl\u00f6nb\u00f6z\u0151 \u00e1gait oszt\u00e1lyokba. Az &#8222;A&#8221; \u00e9s &#8222;B&#8221; oszt\u00e1ly a leveg\u0151n\u00e9l k\u00f6nnyebb rep\u00fcl\u0151 eszk\u00f6z\u00f6k, a szabad ballonok \u00e9s l\u00e9ghaj\u00f3k csoportja. Ennek a k\u00e9t oszt\u00e1lynak a tov\u00e1bbi feloszt\u00e1s\u00e1r\u00f3l a Sportk\u00f3dex I. szakasz\u00e1nak 2. fejezete rendelkezik, ami a k\u00f6vetkez\u0151: A OSZT\u00c1LY: SZABAD BALLONOK A oszt\u00e1ly, szabad ballonok, \u00f6t aloszt\u00e1lyra oszlik [&hellip;]<\/p>\n","protected":false},"author":1,"featured_media":0,"parent":53,"menu_order":0,"comment_status":"open","ping_status":"open","template":"","meta":[],"_links":{"self":[{"href":"http:\/\/ballon.hu\/index.php?rest_route=\/wp\/v2\/pages\/149"}],"collection":[{"href":"http:\/\/ballon.hu\/index.php?rest_route=\/wp\/v2\/pages"}],"about":[{"href":"http:\/\/ballon.hu\/index.php?rest_route=\/wp\/v2\/types\/page"}],"author":[{"embeddable":true,"href":"http:\/\/ballon.hu\/index.php?rest_route=\/wp\/v2\/users\/1"}],"replies":[{"embeddable":true,"href":"http:\/\/ballon.hu\/index.php?rest_route=%2Fwp%2Fv2%2Fcomments&post=149"}],"version-history":[{"count":3,"href":"http:\/\/ballon.hu\/index.php?rest_route=\/wp\/v2\/pages\/149\/revisions"}],"predecessor-version":[{"id":1197,"href":"http:\/\/ballon.hu\/index.php?rest_route=\/wp\/v2\/pages\/149\/revisions\/1197"}],"up":[{"embeddable":true,"href":"http:\/\/ballon.hu\/index.php?rest_route=\/wp\/v2\/pages\/53"}],"wp:attachment":[{"href":"http:\/\/ballon.hu\/index.php?rest_route=%2Fwp%2Fv2%2Fmedia&parent=149"}],"curies":[{"name":"wp","href":"https:\/\/api.w.org\/{rel}","templated":true}]}}